 251 is divided by 15?
11
What is the remainder when 55 is divided by 3?
1
What is the remainder when 379 is divided by 81?
55
Calculate the remainder when 660 is divided by 104.
36
Calculate the remainder when 2603 is divided by 84.
83
What is the remainder when 112 is divided by 62?
50
Calculate the remainder when 1664 is divided by 25.
14
What is the remainder when 5427 is divided by 181?
178
Calculate the remainder when 300 is divided by 295.
5
What is the remainder when 172 is divided by 82?
8
Calculate the remainder when 26 is divided by 7.
5
What is the remainder when 115 is divided by 53?
9
Calculate the remainder when 1171 is divided by 575.
21
Calculate the remainder when 2319 is divided by 18.
15
What is the remainder when 1533 is divided by 48?
45
What is the remainder when 215 is divided by 45?
35
What is the remainder when 12797 is divided by 80?
77
Calculate the remainder when 218 is divided by 20.
18
What is the remainder when 1012 is divided by 78?
76
Calculate the remainder when 319 is divided by 8.
7
Calculate the remainder when 388 is divided by 43.
1
Calculate the remainder when 1900 is divided by 14.
10
Calculate the remainder when 93 is divided by 27.
12
What is the remainder when 1321 is divided by 149?
129
Calculate the remainder when 2760 is divided by 1341.
78
What is the remainder when 47 is divided by 17?
13
Calculate the remainder when 2301 is divided by 193.
178
What is the remainder when 1037 is divided by 515?
7
What is the remainder when 36 is divided by 32?
4
What is the remainder when 374 is divided by 73?
9
Calculate the remainder when 106 is divided by 8.
2
Calculate the remainder when 1032 is divided by 512.
8
Calculate the remainder when 682 is divided by 69.
61
Calculate the remainder when 5962 is divided by 83.
69
What is the remainder when 51 is divided by 20?
11
What is the remainder when 46 is divided by 15?
1
Calculate the remainder when 721 is divided by 236.
13
Calculate the remainder when 574 is divided by 95.
4
What is the remainder when 421 is divided by 252?
169
What is the remainder when 75 is divided by 10?
5
What is the remainder when 206 is divided by 98?
10
Calculate the remainder when 285 is divided by 73.
66
What is the remainder when 1299 is divided by 65?
64
Calculate the remainder when 16 is divided by 9.
7
Calculate the remainder when 823 is divided by 266.
25
What is the remainder when 56 is divided by 13?
4
What is the remainder when 209 is divided by 58?
35
What is the remainder when 977 is divided by 140?
137
Calculate the remainder when 308 is divided by 53.
43
What is the remainder when 326 is divided by 112?
102
What is the remainder when 566 is divided by 78?
20
What is the remainder when 142 is divided by 12?
10
What is the remainder when 94 is divided by 32?
30
Calculate the remainder when 146 is divided by 34.
10
What is the remainder when 1546 is divided by 7?
6
What is the remainder when 118 is divided by 60?
58
Calculate the remainder when 68 is divided by 9.
5
Calculate the remainder when 6998 is divided by 31.
23
What is the remainder when 1804 is divided by 139?
136
What is the remainder when 47 is divided by 16?
15
What is the remainder when 23 is divided by 13?
10
Calculate the remainder when 38 is divided by 3.
2
Calculate the remainder when 8755 is divided by 44.
43
What is the remainder when 109 is divided by 44?
21
Calculate the remainder when 14494 is divided by 250.
244
Calculate the remainder when 107 is divided by 17.
5
What is the remainder when 1678 is divided by 88?
6
Calculate the remainder when 136 is divided by 88.
48
What is the remainder when 143 is divided by 9?
8
What is the remainder when 282 is divided by 51?
27
What is the remainder when 47 is divided by 10?
7
Calculate the remainder when 146 is divided by 46.
8
Calculate the remainder when 757 is divided by 29.
3
What is the remainder when 7417 is divided by 3706?
5
Calculate the remainder when 3157 is divided by 109.
105
Calculate the remainder when 235 is divided by 20.
15
What is the remainder when 205 is divided by 64?
13
What is the remainder when 50 is divided by 17?
16
Calculate the remainder when 351 is divided by 101.
48
Calculate the remainder when 299 is divided by 15.
14
Calculate the remainder when 2957 is divided by 975.
32
What is the remainder when 450 is divided by 4?
2
Calculate the remainder when 2462 is divided by 487.
27
What is the remainder when 602 is divided by 12?
2
Calculate the remainder when 215 is divided by 52.
7
Calculate the remainder when 1133 is divided by 376.
5
What is the remainder when 28544 is divided by 14?
12
Calculate the remainder when 307 is divided by 150.
7
What is the remainder when 2633 is divided by 16?
9
What is the remainder when 416 is divided by 7?
3
What is the remainder when 549 is divided by 78?
3
What is the remainder when 1433 is divided by 35?
33
Calculate the remainder when 1977 is divided by 220.
217
Calculate the remainder when 41 is divided by 31.
10
What is the remainder when 249 is divided by 9?
6
What is the remainder when 273 is divided by 35?
28
Calculate the remainder when 252 is divided by 63.
0
Calculate the remainder when 53388 is divided by 37.
34
Calculate the remainder when 640 is divided by 210.
10
What is the remainder when 9 is divided by 8?
1
What is the remainder when 1217 is divided by 87?
86
What is the remainder when 184 is divided by 11?
8
Calculate the remainder when 385 is divided by 22.
11
What is the remainder when 235 is divided by 31?
18
What is the remainder when 78 is divided by 15?
3
What is the remainder when 3010 is divided by 63?
49
What is the remainder when 2383 is divided by 31?
27
What is the remainder when 1012 is divided by 258?
238
Calculate the remainder when 433 is divided by 279.
154
What is the remainder when 165 is divided by 7?
4
What is the remainder when 156 is divided by 41?
33
Calculate the remainder when 392 is divided by 216.
176
What is the remainder when 2504 is divided by 1244?
16
What is the remainder when 806 is divided by 202?
200
What is the remainder when 246 is divided by 31?
29
What is the remainder when 17 is divided by 9?
8
Calculate the remainder when 903 is divided by 163.
88
What is the remainder when 4892 is divided by 22?
8
What is the remainder when 180 is divided by 3?
0
What is the remainder when 391 is divided by 56?
55
What is the remainder when 2624 is divided by 128?
64
What is the remainder when 158 is divided by 117?
41
What is the remainder when 832 is divided by 249?
85
What is the remainder when 6122 is divided by 245?
242
What is the remainder when 41 is divided by 22?
19
Calculate the remainder when 2813 is divided by 25.
13
What is the remainder when 4827 is divided by 2407?
13
What is the remainder when 342 is divided by 116?
110
What is the remainder when 1040 is divided by 496?
48
Calculate the remainder when 49497 is divided by 99.
96
What is the remainder when 168 is divided by 17?
15
What is the remainder when 244 is divided by 62?
58
Calculate the remainder when 121 is divided by 32.
25
Calculate the remainder when 305 is divided by 21.
11
Calculate the remainder when 208 is divided by 25.
8
Calculate the remainder when 596 is divided by 123.
104
Calculate the remainder when 4665 is divided by 64.
57
Calculate the remainder when 665 is divided by 37.
36
Calculate the remainder when 94 is divided by 43.
8
Calculate the remainder when 2466 is divided by 3.
0
What is the remainder when 78 is divided by 30?
18
What is the remainder when 2140 is divided by 535?
0
What is the remainder when 36 is divided by 20?
16
What is the remainder when 308 is divided by 31?
29
Calculate the remainder when 1330 is divided by 48.
34
What is the remainder when 67 is divided by 36?
31
What is the remainder when 25 is divided by 11?
3
What is the remainder when 402 is divided by 11?
6
What is the remainder when 978 is divided by 48?
18
What is the remainder when 2851 is divided by 1421?
9
What is the remainder when 2117 is divided by 63?
38
Calculate the remainder when 5500 is divided by 6.
4
Calculate the remainder when 138 is divided by 29.
22
Calculate the remainder when 2539 is divided by 43.
2
What is the remainder when 267 is divided by 15?
12
What is